{"id":47,"date":"2017-09-26T12:40:50","date_gmt":"2017-09-26T10:40:50","guid":{"rendered":"http:\/\/lafermeallantvert.fr\/?page_id=47"},"modified":"2022-01-06T14:48:33","modified_gmt":"2022-01-06T13:48:33","slug":"presentation","status":"publish","type":"page","link":"https:\/\/lafermeallantvert.fr\/?page_id=47","title":{"rendered":"Pr\u00e9sentation"},"content":{"rendered":"<h1><span style=\"font-size: inherit;\">LA FERME ALLANT VERT<\/span><\/h1>\n<p>Point de vente situ\u00e9 au c\u0153ur du march\u00e9 Saint Pierre au centre ville de Clermont Ferrand vous propose <span style=\"font-size: revert; color: initial;\">des produits fermiers de notre exploitation (<a href=\"https:\/\/www.google.com\/search?q=Gaec+courteix&amp;client=firefox-b-d&amp;sxsrf=AOaemvKNfu8wW9K2VjEJqcVFkJvVSHbv9A%3A1635979850271&amp;ei=ShKDYYX7D5KwU4iio4AM&amp;oq=Gaec+courteix&amp;gs_lcp=Cgdnd3Mtd2l6EAMyBAgjECcyBAgAEB4yAggmOgoIIxCwAhCwAxAnOgkIABCwAxANEB46BwgjELACECc6BggAEA0QHkoECEEYAVCjGFiCKmDGL2gBcAB4AIABVYgBpwGSAQEymAEAoAEByAECwAEB&amp;sclient=gws-wiz&amp;ved=0ahUKEwiFyNbuo_3zAhUS2BQKHQjRCMAQ4dUDCA0&amp;uact=5\">GAEC COURTEIX<\/a>) issus de l&rsquo;Agriculture Biologique et transform\u00e9 par notre atelier de d\u00e9coupe (LA FERME DES LOZAMIES).<\/span><\/p>\n<p>Nous vous proposons aujourd&rsquo;hui \u00e0 la vente du B\u0153uf, du Porc et du Veau BIO de notre ferme GAEC COURTEIX, localis\u00e9 a <a href=\"https:\/\/www.google.com\/maps\/dir\/\/La+Ferme+des+Lozamies+Courteix+63780+Saint-Georges-de-Mons\/data=!4m6!4m5!1m1!4e2!1m2!1m1!1s0x47f738e8a361c5cf:0x876a46a4c02873ce?sa=X&amp;ved=2ahUKEwjzxuXtpP3zAhV8DGMBHbbQD8MQ9Rd6BAhHEAQ\">Saint-Georges-de-Mons<\/a> 63740<\/p>\n<p>Nous vous accueillions pour visiter notre ferme sur rendez-vous . Pour les produits frais nous vous conseillons de r\u00e9server les produits en validant votre panier, vous serez recontact\u00e9s pour venir retirer vos colis ou alors \u00eatre livr\u00e9 \u00e0 votre domicile.<\/p>\n<p style=\"text-align: right;\">\n<p style=\"text-align: right; padding-left: 60px;\">\n","protected":false},"excerpt":{"rendered":"<p>LA FERME ALLANT VERT Point de vente situ\u00e9 au c\u0153ur du march\u00e9 Saint Pierre au centre ville de Clermont Ferrand vous propose des produits fermiers de notre exploitation (GAEC COURTEIX) issus de l&rsquo;Agriculture Biologique et transform\u00e9 par notre atelier de d\u00e9coupe (LA FERME DES LOZAMIES). Nous vous proposons aujourd&rsquo;hui \u00e0 la vente du B\u0153uf, du [&hellip;]<\/p>\n","protected":false},"author":1,"featured_media":0,"parent":0,"menu_order":0,"comment_status":"closed","ping_status":"closed","template":"","meta":{"_exactmetrics_skip_tracking":false,"_exactmetrics_sitenote_active":false,"_exactmetrics_sitenote_note":"","_exactmetrics_sitenote_category":0,"footnotes":""},"class_list":["post-47","page","type-page","status-publish","hentry"],"_links":{"self":[{"href":"https:\/\/lafermeallantvert.fr\/index.php?rest_route=\/wp\/v2\/pages\/47"}],"collection":[{"href":"https:\/\/lafermeallantvert.fr\/index.php?rest_route=\/wp\/v2\/pages"}],"about":[{"href":"https:\/\/lafermeallantvert.fr\/index.php?rest_route=\/wp\/v2\/types\/page"}],"author":[{"embeddable":true,"href":"https:\/\/lafermeallantvert.fr\/index.php?rest_route=\/wp\/v2\/users\/1"}],"replies":[{"embeddable":true,"href":"https:\/\/lafermeallantvert.fr\/index.php?rest_route=%2Fwp%2Fv2%2Fcomments&post=47"}],"version-history":[{"count":25,"href":"https:\/\/lafermeallantvert.fr\/index.php?rest_route=\/wp\/v2\/pages\/47\/revisions"}],"predecessor-version":[{"id":8869,"href":"https:\/\/lafermeallantvert.fr\/index.php?rest_route=\/wp\/v2\/pages\/47\/revisions\/8869"}],"wp:attachment":[{"href":"https:\/\/lafermeallantvert.fr\/index.php?rest_route=%2Fwp%2Fv2%2Fmedia&parent=47"}],"curies":[{"name":"wp","href":"https:\/\/api.w.org\/{rel}","templated":true}]}}