{"id":5161,"date":"2020-06-17T14:22:13","date_gmt":"2020-06-17T12:22:13","guid":{"rendered":"http:\/\/lafermeallantvert.fr\/?page_id=5161"},"modified":"2022-03-24T11:08:15","modified_gmt":"2022-03-24T10:08:15","slug":"aide","status":"publish","type":"page","link":"https:\/\/lafermeallantvert.fr\/?page_id=5161","title":{"rendered":"Bienvenue"},"content":{"rendered":"<p><\/p><\/p>\n<p><strong>Petit rappel<\/strong><\/p>\n<p><p><\/p><\/p>\n<p>Pour celles et ceux qui d\u00e9couvrent ce site et \u00e9ventuellement les produits que l &lsquo;on propose dans notre magasin de la Ferme voici quelques \u00e9l\u00e9ments qui vont vous guider et informer afin que l&rsquo;on puisse mieux vous servir.<\/p>\n<p><p><\/p><\/p>\n<p>Nous vous rappelons que tous les articles li\u00e9s au b\u0153uf et au porc sont issus de notre exploitation GAEC COURTEIX  en AGRICULTURE BIOLOGIQUE. Ils sont \u00e9lev\u00e9s \u00e0 l&rsquo;herbe et avec nos c\u00e9r\u00e9ales (m\u00e9teil) cultiv\u00e9s sur nos parcelles et bien \u00e9videmment en AB. Pour les autres articles nous faisons appel \u00e0 certains voisins agriculteurs qui ont les m\u00eames convictions que les n\u00f4tres notamment pour les produits laitiers, le veau, les l\u00e9gumes (<a href=\"https:\/\/lafermeallantvert.fr\/?page_id=5647\" data-type=\"URL\" data-id=\"https:\/\/lafermeallantvert.fr\/?page_id=5647\">Partenaires<\/a>)&#8230; Veuillez noter que tous n&rsquo;ont pas la certification AB .<\/p>\n<p><p><\/p><\/p>\n<p>Pour toutes ces raisons, ces produits de qualit\u00e9 antagoniste \u00e0 la politique de la grande distribution  pourront ne pas \u00eatre disponibles de suite et pourront n\u00e9cessiter une pr\u00e9-commande .<\/p>\n<p><p><\/p><\/p>\n<p>Nous vous remercions pour votre visite et pour votre choix de commerce qui participe activement \u00e0 une agriculture durable et cr\u00e9atrice d&#8217;emplois locaux.<\/p>\n<p><p><\/p><\/p>\n<p><strong>L&rsquo;\u00e9quipe La Ferme Allant Vert <br><\/strong><\/p>\n<p><p><\/p><\/p>\n<p><strong>Proc\u00e9dure de commande <\/strong><\/p>\n<p><p><\/p><\/p>\n<ul class=\"wp-block-list\">\n<li>S\u00e9lectionner vos produits \u00e0 travers les diff\u00e9rentes rubriques (ajouter au panier)<\/li>\n<li>Une fois tous les produits s\u00e9lectionn\u00e9s, cliquer sur le panier<\/li>\n<li>Valider la commande<\/li>\n<li>Se connecter si le compte est d\u00e9j\u00e0 existant ou bien le cr\u00e9er en remplissant les diff\u00e9rents champs<\/li>\n<li>N h\u00e9siter pas \u00e0 mettre des commentaires dans le champ \u00ab\u00a0Commentaires\u00a0\u00bb ils nous permettrons de mieux vous servir<\/li>\n<li>Puis cliquer sur commander <\/li>\n<li>La commande est valid\u00e9e et nous la traitons le plus rapidement possible. Nous vous recontacterons d\u00e8s qu&rsquo;elle sera disponible <\/li>\n<\/ul>\n<p><p><\/p><\/p>\n<p>\n<\/p><p><p><\/p><\/p>\n<p> NB : <em>Pour vous clients qui n&rsquo;habitent pas nos ch\u00e8res COMBRAILLES nous vous proposons une livraison \u00e0 domicile ou un envoi CHRONO FRESH en  24 H . Pour cela laisser nous un commentaire ou contactez-nous<\/em> (<a href=\"https:\/\/lafermeallantvert.fr\/?page_id=4\" data-type=\"URL\" data-id=\"https:\/\/lafermeallantvert.fr\/?page_id=4\">contact<\/a>). <\/p>\n<p><p><\/p><\/p>\n<p><p><\/p><\/p>\n<p><p><\/p>","protected":false},"excerpt":{"rendered":"<p>Petit rappel Pour celles et ceux qui d\u00e9couvrent ce site et \u00e9ventuellement les produits que l &lsquo;on propose dans notre magasin de la Ferme voici quelques \u00e9l\u00e9ments qui vont vous guider et informer afin que l&rsquo;on puisse mieux vous servir. Nous vous rappelons que tous les articles li\u00e9s au b\u0153uf et au porc sont issus [&hellip;]<\/p>\n","protected":false},"author":1,"featured_media":0,"parent":0,"menu_order":0,"comment_status":"closed","ping_status":"closed","template":"","meta":{"_exactmetrics_skip_tracking":false,"_exactmetrics_sitenote_active":false,"_exactmetrics_sitenote_note":"","_exactmetrics_sitenote_category":0,"footnotes":""},"class_list":["post-5161","page","type-page","status-publish","hentry"],"_links":{"self":[{"href":"https:\/\/lafermeallantvert.fr\/index.php?rest_route=\/wp\/v2\/pages\/5161"}],"collection":[{"href":"https:\/\/lafermeallantvert.fr\/index.php?rest_route=\/wp\/v2\/pages"}],"about":[{"href":"https:\/\/lafermeallantvert.fr\/index.php?rest_route=\/wp\/v2\/types\/page"}],"author":[{"embeddable":true,"href":"https:\/\/lafermeallantvert.fr\/index.php?rest_route=\/wp\/v2\/users\/1"}],"replies":[{"embeddable":true,"href":"https:\/\/lafermeallantvert.fr\/index.php?rest_route=%2Fwp%2Fv2%2Fcomments&post=5161"}],"version-history":[{"count":20,"href":"https:\/\/lafermeallantvert.fr\/index.php?rest_route=\/wp\/v2\/pages\/5161\/revisions"}],"predecessor-version":[{"id":10483,"href":"https:\/\/lafermeallantvert.fr\/index.php?rest_route=\/wp\/v2\/pages\/5161\/revisions\/10483"}],"wp:attachment":[{"href":"https:\/\/lafermeallantvert.fr\/index.php?rest_route=%2Fwp%2Fv2%2Fmedia&parent=5161"}],"curies":[{"name":"wp","href":"https:\/\/api.w.org\/{rel}","templated":true}]}}

<p></p></p>
<p><strong>Petit rappel</strong></p>
<p><p></p></p>
<p>Pour celles et ceux qui découvrent ce site et éventuellement les produits que l &lsquo;on propose dans notre magasin de la Ferme voici quelques éléments qui vont vous guider et informer afin que l&rsquo;on puisse mieux vous servir.</p>
<p><p></p></p>
<p>Nous vous rappelons que tous les articles liés au bœuf et au porc sont issus de notre exploitation GAEC COURTEIX  en AGRICULTURE BIOLOGIQUE. Ils sont élevés à l&rsquo;herbe et avec nos céréales (méteil) cultivés sur nos parcelles et bien évidemment en AB. Pour les autres articles nous faisons appel à certains voisins agriculteurs qui ont les mêmes convictions que les nôtres notamment pour les produits laitiers, le veau, les légumes (<a href="https://lafermeallantvert.fr/?page_id=5647" data-type="URL" data-id="https://lafermeallantvert.fr/?page_id=5647">Partenaires</a>)&#8230; Veuillez noter que tous n&rsquo;ont pas la certification AB .</p>
<p><p></p></p>
<p>Pour toutes ces raisons, ces produits de qualité antagoniste à la politique de la grande distribution  pourront ne pas être disponibles de suite et pourront nécessiter une pré-commande .</p>
<p><p></p></p>
<p>Nous vous remercions pour votre visite et pour votre choix de commerce qui participe activement à une agriculture durable et créatrice d&#8217;emplois locaux.</p>
<p><p></p></p>
<p><strong>L&rsquo;équipe La Ferme Allant Vert <br></strong></p>
<p><p></p></p>
<p><strong>Procédure de commande </strong></p>
<p><p></p></p>
<ul class="wp-block-list">
<li>Sélectionner vos produits à travers les différentes rubriques (ajouter au panier)</li>
<li>Une fois tous les produits sélectionnés, cliquer sur le panier</li>
<li>Valider la commande</li>
<li>Se connecter si le compte est déjà existant ou bien le créer en remplissant les différents champs</li>
<li>N hésiter pas à mettre des commentaires dans le champ « Commentaires » ils nous permettrons de mieux vous servir</li>
<li>Puis cliquer sur commander </li>
<li>La commande est validée et nous la traitons le plus rapidement possible. Nous vous recontacterons dès qu&rsquo;elle sera disponible </li>
</ul>
<p><p></p></p>
<p>
</p><p><p></p></p>
<p> NB : <em>Pour vous clients qui n&rsquo;habitent pas nos chères COMBRAILLES nous vous proposons une livraison à domicile ou un envoi CHRONO FRESH en  24 H . Pour cela laisser nous un commentaire ou contactez-nous</em> (<a href="https://lafermeallantvert.fr/?page_id=4" data-type="URL" data-id="https://lafermeallantvert.fr/?page_id=4">contact</a>). </p>
<p><p></p></p>
<p><p></p></p>
<p><p></p>

<p>Petit rappel Pour celles et ceux qui découvrent ce site et éventuellement les produits que l &lsquo;on propose dans notre magasin de la Ferme voici quelques éléments qui vont vous guider et informer afin que l&rsquo;on puisse mieux vous servir. Nous vous rappelons que tous les articles liés au bœuf et au porc sont issus [&hellip;]</p>
