{"id":5721,"date":"2020-10-12T12:37:02","date_gmt":"2020-10-12T10:37:02","guid":{"rendered":"http:\/\/lafermeallantvert.fr\/?page_id=5721"},"modified":"2022-02-24T15:07:52","modified_gmt":"2022-02-24T14:07:52","slug":"livraisons-2","status":"publish","type":"page","link":"https:\/\/lafermeallantvert.fr\/?page_id=5721","title":{"rendered":"Livraisons Zone Verte (Conditions)"},"content":{"rendered":"<p><\/p><\/p>\n<figure><a href=\"https:\/\/lafermeallantvert.fr\/wp-content\/uploads\/2021\/02\/Carte-livraisons_02-2.jpg\" target=\"_blank\" rel=\"noopener noreferrer\"><img decoding=\"async\" src=\"https:\/\/lafermeallantvert.fr\/wp-content\/uploads\/2021\/02\/Carte-livraisons_02-2-1024x605.jpg\" alt=\"\" \/><\/a>\n<p>\u00a0<\/p>\n<figcaption>Carte des livraisons Zone Verte<\/figcaption>\n<\/figure>\n<p><p><\/p>\n<p><\/p><\/p>\n<p><strong>Cette carte repr\u00e9sente la zone de livraison <\/strong><strong><strong>Zone Verte<\/strong><\/strong> <strong>\u00e0 proximit\u00e9 de notre Ferme, sur laquelle notre \u00e9quipe intervient toutes les semaines. .<\/strong><\/p>\n<p><p><\/p>\n<p><\/p><\/p>\n<p><strong>Conditions pour b\u00e9n\u00e9ficier du service de livraison Zone Verte<\/strong> :<\/p>\n<p><p><\/p>\n<p><\/p><\/p>\n<ul class=\"wp-block-list\">\n<li>Votre point de livraison doit \u00eatre inclu dans la <strong>Zone Verte<\/strong><\/li>\n<\/ul>\n<p><p><\/p>\n<p><\/p><\/p>\n<ul class=\"wp-block-list\">\n<li>Nous vous contacterons personnellement pour vous donner le jour et la plage horaire de livraison (en g\u00e9n\u00e9ral le mardi apr\u00e8s-midi de 15 h \u00e0 20 h )<\/li>\n<\/ul>\n<p><p><\/p>\n<p><\/p><\/p>\n<ul class=\"wp-block-list\">\n<li>Tarif de livraisons <strong>Zone Verte<\/strong> :\n<ul>\n<li><strong>Gratuite<\/strong> pour un panier \u00e0 partir de <strong>100\u20ac<\/strong><\/li>\n<li>Frais de <strong>8 \u20ac<\/strong> pour un panier de<strong> 50\u20ac \u00e0 100\u20ac<\/strong><\/li>\n<li>Frais de <strong>15 \u20ac <\/strong>pour un panier<strong> inf\u00e9rieur \u00e0 50 \u20ac<\/strong><\/li>\n<\/ul>\n<\/li>\n<\/ul>\n<p><p><\/p>\n<p><\/p><\/p>\n<p><p><\/p><figure class=\"wp-block-image size-large\"><img fetchpriority=\"high\" decoding=\"async\" width=\"1024\" height=\"605\" src=\"https:\/\/lafermeallantvert.fr\/wp-content\/uploads\/2022\/02\/Carte-livraisons-02-1024x605.jpg\" alt=\"\" class=\"wp-image-10216\" srcset=\"https:\/\/lafermeallantvert.fr\/wp-content\/uploads\/2022\/02\/Carte-livraisons-02-1024x605.jpg 1024w, https:\/\/lafermeallantvert.fr\/wp-content\/uploads\/2022\/02\/Carte-livraisons-02-300x177.jpg 300w, https:\/\/lafermeallantvert.fr\/wp-content\/uploads\/2022\/02\/Carte-livraisons-02-768x454.jpg 768w, https:\/\/lafermeallantvert.fr\/wp-content\/uploads\/2022\/02\/Carte-livraisons-02-600x355.jpg 600w, https:\/\/lafermeallantvert.fr\/wp-content\/uploads\/2022\/02\/Carte-livraisons-02.jpg 1299w\" sizes=\"(max-width: 1024px) 100vw, 1024px\" \/><\/figure>","protected":false},"excerpt":{"rendered":"<p>Cette carte repr\u00e9sente la zone de livraison Zone Verte \u00e0 proximit\u00e9 de notre Ferme, sur laquelle notre \u00e9quipe intervient toutes les semaines. . Conditions pour b\u00e9n\u00e9ficier du service de livraison Zone Verte : Votre point de livraison doit \u00eatre inclu dans la Zone Verte Nous vous contacterons personnellement pour vous donner le jour et la [&hellip;]<\/p>\n","protected":false},"author":1,"featured_media":0,"parent":0,"menu_order":0,"comment_status":"closed","ping_status":"closed","template":"","meta":{"_exactmetrics_skip_tracking":false,"_exactmetrics_sitenote_active":false,"_exactmetrics_sitenote_note":"","_exactmetrics_sitenote_category":0,"footnotes":""},"class_list":["post-5721","page","type-page","status-publish","hentry"],"_links":{"self":[{"href":"https:\/\/lafermeallantvert.fr\/index.php?rest_route=\/wp\/v2\/pages\/5721"}],"collection":[{"href":"https:\/\/lafermeallantvert.fr\/index.php?rest_route=\/wp\/v2\/pages"}],"about":[{"href":"https:\/\/lafermeallantvert.fr\/index.php?rest_route=\/wp\/v2\/types\/page"}],"author":[{"embeddable":true,"href":"https:\/\/lafermeallantvert.fr\/index.php?rest_route=\/wp\/v2\/users\/1"}],"replies":[{"embeddable":true,"href":"https:\/\/lafermeallantvert.fr\/index.php?rest_route=%2Fwp%2Fv2%2Fcomments&post=5721"}],"version-history":[{"count":21,"href":"https:\/\/lafermeallantvert.fr\/index.php?rest_route=\/wp\/v2\/pages\/5721\/revisions"}],"predecessor-version":[{"id":10217,"href":"https:\/\/lafermeallantvert.fr\/index.php?rest_route=\/wp\/v2\/pages\/5721\/revisions\/10217"}],"wp:attachment":[{"href":"https:\/\/lafermeallantvert.fr\/index.php?rest_route=%2Fwp%2Fv2%2Fmedia&parent=5721"}],"curies":[{"name":"wp","href":"https:\/\/api.w.org\/{rel}","templated":true}]}}

<p></p></p>
<figure><a href="https://lafermeallantvert.fr/wp-content/uploads/2021/02/Carte-livraisons_02-2.jpg" target="_blank" rel="noopener noreferrer"><img decoding="async" src="https://lafermeallantvert.fr/wp-content/uploads/2021/02/Carte-livraisons_02-2-1024x605.jpg" alt="" /></a>
<p> </p>
<figcaption>Carte des livraisons Zone Verte</figcaption>
</figure>
<p><p></p>
<p></p></p>
<p><strong>Cette carte représente la zone de livraison </strong><strong><strong>Zone Verte</strong></strong> <strong>à proximité de notre Ferme, sur laquelle notre équipe intervient toutes les semaines. .</strong></p>
<p><p></p>
<p></p></p>
<p><strong>Conditions pour bénéficier du service de livraison Zone Verte</strong> :</p>
<p><p></p>
<p></p></p>
<ul class="wp-block-list">
<li>Votre point de livraison doit être inclu dans la <strong>Zone Verte</strong></li>
</ul>
<p><p></p>
<p></p></p>
<ul class="wp-block-list">
<li>Nous vous contacterons personnellement pour vous donner le jour et la plage horaire de livraison (en général le mardi après-midi de 15 h à 20 h )</li>
</ul>
<p><p></p>
<p></p></p>
<ul class="wp-block-list">
<li>Tarif de livraisons <strong>Zone Verte</strong> :
<ul>
<li><strong>Gratuite</strong> pour un panier à partir de <strong>100€</strong></li>
<li>Frais de <strong>8 €</strong> pour un panier de<strong> 50€ à 100€</strong></li>
<li>Frais de <strong>15 € </strong>pour un panier<strong> inférieur à 50 €</strong></li>
</ul>
</li>
</ul>
<p><p></p>
<p></p></p>
<p><p></p><figure class="wp-block-image size-large"><img fetchpriority="high" decoding="async" width="1024" height="605" src="https://lafermeallantvert.fr/wp-content/uploads/2022/02/Carte-livraisons-02-1024x605.jpg" alt="" class="wp-image-10216" srcset="https://lafermeallantvert.fr/wp-content/uploads/2022/02/Carte-livraisons-02-1024x605.jpg 1024w, https://lafermeallantvert.fr/wp-content/uploads/2022/02/Carte-livraisons-02-300x177.jpg 300w, https://lafermeallantvert.fr/wp-content/uploads/2022/02/Carte-livraisons-02-768x454.jpg 768w, https://lafermeallantvert.fr/wp-content/uploads/2022/02/Carte-livraisons-02-600x355.jpg 600w, https://lafermeallantvert.fr/wp-content/uploads/2022/02/Carte-livraisons-02.jpg 1299w" sizes="(max-width: 1024px) 100vw, 1024px" /></figure>

<p>Cette carte représente la zone de livraison Zone Verte à proximité de notre Ferme, sur laquelle notre équipe intervient toutes les semaines. . Conditions pour bénéficier du service de livraison Zone Verte : Votre point de livraison doit être inclu dans la Zone Verte Nous vous contacterons personnellement pour vous donner le jour et la [&hellip;]</p>
