{"id":8782,"date":"2022-01-04T19:37:58","date_gmt":"2022-01-04T18:37:58","guid":{"rendered":"https:\/\/lafermeallantvert.fr\/?product=saucisson-de-porc"},"modified":"2025-05-07T22:54:07","modified_gmt":"2025-05-07T20:54:07","slug":"saucisson-de-porc","status":"publish","type":"product","link":"https:\/\/lafermeallantvert.fr\/?product=saucisson-de-porc","title":{"rendered":"Saucisson de porc"},"content":{"rendered":"<p>Ingredients issu de l&rsquo;agriculture biologique<\/p>\n<p>Maigre de porc<\/p>\n<p>Gras de porc,<\/p>\n<p>ail<\/p>\n<p>poivre<br \/>\nsel<br \/>\npure sec\u00a0 ( <strong>Lactose<\/strong>, dextrose, sucre de canne, sel de mer, conservateur ) Ingr\u00e9dients et additifs pour charcuterie BIO inf a 40 g \/kg<br \/>\nvin rouge<\/p>\n<p><em><strong>Le produit est r\u00e9alis\u00e9 de fa\u00e7on artisanal et il se peut que le s\u00e9chage ne soit pas parfait, dans ce cas nous vous garantissons l&rsquo;\u00e9change de celui ci<\/strong><\/em><\/p>\n","protected":false},"excerpt":{"rendered":"<p>Ingredients issu de l&rsquo;agriculture biologique Maigre de porc Gras de porc, ail poivre sel pure sec\u00a0 ( Lactose, dextrose, sucre de canne, sel de mer, conservateur ) Ingr\u00e9dients et additifs pour charcuterie BIO inf a 40 g \/kg vin rouge Le produit est r\u00e9alis\u00e9 de fa\u00e7on artisanal et il se peut que le s\u00e9chage ne [&hellip;]<\/p>\n","protected":false},"featured_media":8909,"comment_status":"open","ping_status":"closed","template":"","meta":{"_exactmetrics_skip_tracking":false,"_exactmetrics_sitenote_active":false,"_exactmetrics_sitenote_note":"","_exactmetrics_sitenote_category":0},"product_cat":[87,88,86,23,27,70],"product_tag":[],"class_list":{"0":"post-8782","1":"product","2":"type-product","3":"status-publish","4":"has-post-thumbnail","6":"product_cat-amap-des-volcans","7":"product_cat-amap","8":"product_cat-amap-romagnat","9":"product_cat-charcuteries","10":"product_cat-porc-bio","11":"product_cat-porc-salaisons-charcuteries-conserves","13":"first","14":"instock","15":"taxable","16":"shipping-taxable","17":"purchasable","18":"product-type-simple"},"_links":{"self":[{"href":"https:\/\/lafermeallantvert.fr\/index.php?rest_route=\/wp\/v2\/product\/8782"}],"collection":[{"href":"https:\/\/lafermeallantvert.fr\/index.php?rest_route=\/wp\/v2\/product"}],"about":[{"href":"https:\/\/lafermeallantvert.fr\/index.php?rest_route=\/wp\/v2\/types\/product"}],"replies":[{"embeddable":true,"href":"https:\/\/lafermeallantvert.fr\/index.php?rest_route=%2Fwp%2Fv2%2Fcomments&post=8782"}],"version-history":[{"count":6,"href":"https:\/\/lafermeallantvert.fr\/index.php?rest_route=\/wp\/v2\/product\/8782\/revisions"}],"predecessor-version":[{"id":31359,"href":"https:\/\/lafermeallantvert.fr\/index.php?rest_route=\/wp\/v2\/product\/8782\/revisions\/31359"}],"wp:featuredmedia":[{"embeddable":true,"href":"https:\/\/lafermeallantvert.fr\/index.php?rest_route=\/wp\/v2\/media\/8909"}],"wp:attachment":[{"href":"https:\/\/lafermeallantvert.fr\/index.php?rest_route=%2Fwp%2Fv2%2Fmedia&parent=8782"}],"wp:term":[{"taxonomy":"product_cat","embeddable":true,"href":"https:\/\/lafermeallantvert.fr\/index.php?rest_route=%2Fwp%2Fv2%2Fproduct_cat&post=8782"},{"taxonomy":"product_tag","embeddable":true,"href":"https:\/\/lafermeallantvert.fr\/index.php?rest_route=%2Fwp%2Fv2%2Fproduct_tag&post=8782"}],"curies":[{"name":"wp","href":"https:\/\/api.w.org\/{rel}","templated":true}]}}

<p>Ingredients issu de l&rsquo;agriculture biologique</p>
<p>Maigre de porc</p>
<p>Gras de porc,</p>
<p>ail</p>
<p>poivre<br />
sel<br />
pure sec  ( <strong>Lactose</strong>, dextrose, sucre de canne, sel de mer, conservateur ) Ingrédients et additifs pour charcuterie BIO inf a 40 g /kg<br />
vin rouge</p>
<p><em><strong>Le produit est réalisé de façon artisanal et il se peut que le séchage ne soit pas parfait, dans ce cas nous vous garantissons l&rsquo;échange de celui ci</strong></em></p>

<p>Ingredients issu de l&rsquo;agriculture biologique Maigre de porc Gras de porc, ail poivre sel pure sec  ( Lactose, dextrose, sucre de canne, sel de mer, conservateur ) Ingrédients et additifs pour charcuterie BIO inf a 40 g /kg vin rouge Le produit est réalisé de façon artisanal et il se peut que le séchage ne [&hellip;]</p>
