{"id":9208,"date":"2022-02-01T19:16:16","date_gmt":"2022-02-01T18:16:16","guid":{"rendered":"https:\/\/lafermeallantvert.fr\/?post_type=product&#038;p=9208"},"modified":"2025-06-09T21:53:06","modified_gmt":"2025-06-09T19:53:06","slug":"pate-de-campagne-boeuf","status":"publish","type":"product","link":"https:\/\/lafermeallantvert.fr\/?product=pate-de-campagne-boeuf","title":{"rendered":"Terrine P\u00e2t\u00e9 de campagne B\u0153uf 200g"},"content":{"rendered":"","protected":false},"excerpt":{"rendered":"<p>soit 5.90 \u20ac\/kg<\/p>\n","protected":false},"featured_media":9206,"comment_status":"open","ping_status":"closed","template":"","meta":{"_exactmetrics_skip_tracking":false,"_exactmetrics_sitenote_active":false,"_exactmetrics_sitenote_note":"","_exactmetrics_sitenote_category":0},"product_cat":[87,24,64,26],"product_tag":[],"class_list":{"0":"post-9208","1":"product","2":"type-product","3":"status-publish","4":"has-post-thumbnail","6":"product_cat-amap-des-volcans","7":"product_cat-boeuf-bio","8":"product_cat-boeuf-salaisons-charcuteries-conserves","9":"product_cat-plats-cuisines","11":"first","12":"instock","13":"taxable","14":"shipping-taxable","15":"purchasable","16":"product-type-simple"},"_links":{"self":[{"href":"https:\/\/lafermeallantvert.fr\/index.php?rest_route=\/wp\/v2\/product\/9208"}],"collection":[{"href":"https:\/\/lafermeallantvert.fr\/index.php?rest_route=\/wp\/v2\/product"}],"about":[{"href":"https:\/\/lafermeallantvert.fr\/index.php?rest_route=\/wp\/v2\/types\/product"}],"replies":[{"embeddable":true,"href":"https:\/\/lafermeallantvert.fr\/index.php?rest_route=%2Fwp%2Fv2%2Fcomments&post=9208"}],"version-history":[{"count":4,"href":"https:\/\/lafermeallantvert.fr\/index.php?rest_route=\/wp\/v2\/product\/9208\/revisions"}],"predecessor-version":[{"id":9234,"href":"https:\/\/lafermeallantvert.fr\/index.php?rest_route=\/wp\/v2\/product\/9208\/revisions\/9234"}],"wp:featuredmedia":[{"embeddable":true,"href":"https:\/\/lafermeallantvert.fr\/index.php?rest_route=\/wp\/v2\/media\/9206"}],"wp:attachment":[{"href":"https:\/\/lafermeallantvert.fr\/index.php?rest_route=%2Fwp%2Fv2%2Fmedia&parent=9208"}],"wp:term":[{"taxonomy":"product_cat","embeddable":true,"href":"https:\/\/lafermeallantvert.fr\/index.php?rest_route=%2Fwp%2Fv2%2Fproduct_cat&post=9208"},{"taxonomy":"product_tag","embeddable":true,"href":"https:\/\/lafermeallantvert.fr\/index.php?rest_route=%2Fwp%2Fv2%2Fproduct_tag&post=9208"}],"curies":[{"name":"wp","href":"https:\/\/api.w.org\/{rel}","templated":true}]}}

Terrine Pâté de campagne Bœuf 200g
