{"id":9503,"date":"2022-02-11T09:57:03","date_gmt":"2022-02-11T08:57:03","guid":{"rendered":"https:\/\/lafermeallantvert.fr\/?post_type=product&#038;p=9503"},"modified":"2024-02-15T12:45:44","modified_gmt":"2024-02-15T11:45:44","slug":"yaourt-bio-a-la-vanille-bourbon-4x125g","status":"publish","type":"product","link":"https:\/\/lafermeallantvert.fr\/?product=yaourt-bio-a-la-vanille-bourbon-4x125g","title":{"rendered":"Yaourt bio \u00e0 la vanille bourbon 4X125G"},"content":{"rendered":"<p><strong>Ingr\u00e9dients :<\/strong><br \/>\n&#8211;\u00a0Lait frais* de nos vaches non homog\u00e9n\u00e9is\u00e9<br \/>\n&#8211; Sucre de canne issu du commerce \u00e9quitable* 6.5%<br \/>\n&#8211; Lait \u00e9cr\u00e9m\u00e9 en poudre*<br \/>\n&#8211;\u00a0Extrait naturel de vanille bourbon* 1%<br \/>\n&#8211;\u00a0Ferments lactiques (lactobacillus bulgaricus et streptococcus thermophilus)<br \/>\n*ingr\u00e9dients issus de l&rsquo;Agriculture Biologique<\/p>\n<p><strong>Origine<\/strong>\u00a0: adresse de la ferme du pack donc en local ..<\/p>\n<p><img decoding=\"async\" class=\"alignnone size-full wp-image-9545\" src=\"https:\/\/lafermeallantvert.fr\/wp-content\/uploads\/2022\/02\/Sans-titre-20.png\" alt=\"\" width=\"226\" height=\"140\" \/><\/p>\n<p>&nbsp;<\/p>\n","protected":false},"excerpt":{"rendered":"<p>Yaourt Bio et Fermier nature de la ferme Batisse \u00e0 Vitrac dans le 63.<\/p>\n<pre>Dernier d\u00e9lai Commande avant le jeudi midi<\/pre>\n<p>Pour plus d&rsquo;informations sur leurs produits, rendez-vous sur le site web <a href=\"https:\/\/www.fermebatisse.fr\/\"><strong>https:\/\/www.fermebatisse.fr\/<\/strong><\/a><\/p>\n","protected":false},"featured_media":9600,"comment_status":"open","ping_status":"closed","template":"","meta":{"_exactmetrics_skip_tracking":false,"_exactmetrics_sitenote_active":false,"_exactmetrics_sitenote_note":"","_exactmetrics_sitenote_category":0},"product_cat":[98,99],"product_tag":[],"class_list":{"0":"post-9503","1":"product","2":"type-product","3":"status-publish","4":"has-post-thumbnail","6":"product_cat-produit-laitier","7":"product_cat-yaourt","9":"first","10":"instock","11":"taxable","12":"shipping-taxable","13":"purchasable","14":"product-type-simple"},"_links":{"self":[{"href":"https:\/\/lafermeallantvert.fr\/index.php?rest_route=\/wp\/v2\/product\/9503"}],"collection":[{"href":"https:\/\/lafermeallantvert.fr\/index.php?rest_route=\/wp\/v2\/product"}],"about":[{"href":"https:\/\/lafermeallantvert.fr\/index.php?rest_route=\/wp\/v2\/types\/product"}],"replies":[{"embeddable":true,"href":"https:\/\/lafermeallantvert.fr\/index.php?rest_route=%2Fwp%2Fv2%2Fcomments&post=9503"}],"version-history":[{"count":3,"href":"https:\/\/lafermeallantvert.fr\/index.php?rest_route=\/wp\/v2\/product\/9503\/revisions"}],"predecessor-version":[{"id":10231,"href":"https:\/\/lafermeallantvert.fr\/index.php?rest_route=\/wp\/v2\/product\/9503\/revisions\/10231"}],"wp:featuredmedia":[{"embeddable":true,"href":"https:\/\/lafermeallantvert.fr\/index.php?rest_route=\/wp\/v2\/media\/9600"}],"wp:attachment":[{"href":"https:\/\/lafermeallantvert.fr\/index.php?rest_route=%2Fwp%2Fv2%2Fmedia&parent=9503"}],"wp:term":[{"taxonomy":"product_cat","embeddable":true,"href":"https:\/\/lafermeallantvert.fr\/index.php?rest_route=%2Fwp%2Fv2%2Fproduct_cat&post=9503"},{"taxonomy":"product_tag","embeddable":true,"href":"https:\/\/lafermeallantvert.fr\/index.php?rest_route=%2Fwp%2Fv2%2Fproduct_tag&post=9503"}],"curies":[{"name":"wp","href":"https:\/\/api.w.org\/{rel}","templated":true}]}}

Yaourt bio à la vanille bourbon 4X125G

<p><strong>Ingrédients :</strong><br />
&#8211; Lait frais* de nos vaches non homogénéisé<br />
&#8211; Sucre de canne issu du commerce équitable* 6.5%<br />
&#8211; Lait écrémé en poudre*<br />
&#8211; Extrait naturel de vanille bourbon* 1%<br />
&#8211; Ferments lactiques (lactobacillus bulgaricus et streptococcus thermophilus)<br />
*ingrédients issus de l&rsquo;Agriculture Biologique</p>
<p><strong>Origine</strong> : adresse de la ferme du pack donc en local ..</p>
<p><img decoding="async" class="alignnone size-full wp-image-9545" src="https://lafermeallantvert.fr/wp-content/uploads/2022/02/Sans-titre-20.png" alt="" width="226" height="140" /></p>
<p>&nbsp;</p>

<p>Yaourt Bio et Fermier nature de la ferme Batisse à Vitrac dans le 63.</p>
<pre>Dernier délai Commande avant le jeudi midi</pre>
<p>Pour plus d&rsquo;informations sur leurs produits, rendez-vous sur le site web <a href="https://www.fermebatisse.fr/"><strong>https://www.fermebatisse.fr/</strong></a></p>
