{"id":9519,"date":"2022-02-11T10:03:59","date_gmt":"2022-02-11T09:03:59","guid":{"rendered":"https:\/\/lafermeallantvert.fr\/?post_type=product&#038;p=9519"},"modified":"2024-02-15T12:50:56","modified_gmt":"2024-02-15T11:50:56","slug":"creme-dessert-bio-chocolat-cacao-equitable-4x100g","status":"publish","type":"product","link":"https:\/\/lafermeallantvert.fr\/?product=creme-dessert-bio-chocolat-cacao-equitable-4x100g","title":{"rendered":"Cr\u00e8me dessert bio chocolat cacao \u00e9quitable 4X100G"},"content":{"rendered":"<p><strong>Nos ingr\u00e9dients :<\/strong><br \/>\n&#8211;\u00a0Lait Bio frais de nos vaches non homog\u00e9n\u00e9is\u00e9<br \/>\n&#8211; Sucre de canne \u00e9quitable*<br \/>\n&#8211;\u00a0Cacao \u00e9quitable*<br \/>\n&#8211;\u00a0Amidon de ma\u00efs natif*<br \/>\n&#8211; Lait \u00e9cr\u00e9m\u00e9 en poudre*<br \/>\n&#8211;\u00a0Epaississant : carragh\u00e9nane (extrait d&rsquo;algues)<br \/>\n*ingr\u00e9dients issus de l&rsquo;Agriculture Biologique<\/p>\n<p><strong>Origine\u00a0<\/strong>: fabriqu\u00e9 sur la ferme 100% bio avec le lait de la ferme<\/p>\n<p><img decoding=\"async\" class=\"alignnone size-full wp-image-9560\" src=\"https:\/\/lafermeallantvert.fr\/wp-content\/uploads\/2022\/02\/Sans-titre-26.png\" alt=\"\" width=\"226\" height=\"140\" \/><\/p>\n","protected":false},"excerpt":{"rendered":"<p>Yaourt Bio et Fermier nature de la ferme Batisse \u00e0 Vitrac dans le 63.<\/p>\n<pre>Dernier d\u00e9lai Commande avant le jeudi midi<\/pre>\n<p>Pour plus d&rsquo;informations sur leurs produits, rendez-vous sur le site web <a href=\"https:\/\/www.fermebatisse.fr\/\"><strong>https:\/\/www.fermebatisse.fr\/<\/strong><\/a><\/p>\n","protected":false},"featured_media":9605,"comment_status":"open","ping_status":"closed","template":"","meta":{"_exactmetrics_skip_tracking":false,"_exactmetrics_sitenote_active":false,"_exactmetrics_sitenote_note":"","_exactmetrics_sitenote_category":0},"product_cat":[98,99],"product_tag":[],"class_list":{"0":"post-9519","1":"product","2":"type-product","3":"status-publish","4":"has-post-thumbnail","6":"product_cat-produit-laitier","7":"product_cat-yaourt","9":"first","10":"instock","11":"taxable","12":"shipping-taxable","13":"purchasable","14":"product-type-simple"},"_links":{"self":[{"href":"https:\/\/lafermeallantvert.fr\/index.php?rest_route=\/wp\/v2\/product\/9519"}],"collection":[{"href":"https:\/\/lafermeallantvert.fr\/index.php?rest_route=\/wp\/v2\/product"}],"about":[{"href":"https:\/\/lafermeallantvert.fr\/index.php?rest_route=\/wp\/v2\/types\/product"}],"replies":[{"embeddable":true,"href":"https:\/\/lafermeallantvert.fr\/index.php?rest_route=%2Fwp%2Fv2%2Fcomments&post=9519"}],"version-history":[{"count":5,"href":"https:\/\/lafermeallantvert.fr\/index.php?rest_route=\/wp\/v2\/product\/9519\/revisions"}],"predecessor-version":[{"id":10233,"href":"https:\/\/lafermeallantvert.fr\/index.php?rest_route=\/wp\/v2\/product\/9519\/revisions\/10233"}],"wp:featuredmedia":[{"embeddable":true,"href":"https:\/\/lafermeallantvert.fr\/index.php?rest_route=\/wp\/v2\/media\/9605"}],"wp:attachment":[{"href":"https:\/\/lafermeallantvert.fr\/index.php?rest_route=%2Fwp%2Fv2%2Fmedia&parent=9519"}],"wp:term":[{"taxonomy":"product_cat","embeddable":true,"href":"https:\/\/lafermeallantvert.fr\/index.php?rest_route=%2Fwp%2Fv2%2Fproduct_cat&post=9519"},{"taxonomy":"product_tag","embeddable":true,"href":"https:\/\/lafermeallantvert.fr\/index.php?rest_route=%2Fwp%2Fv2%2Fproduct_tag&post=9519"}],"curies":[{"name":"wp","href":"https:\/\/api.w.org\/{rel}","templated":true}]}}

Crème dessert bio chocolat cacao équitable 4X100G

<p><strong>Nos ingrédients :</strong><br />
&#8211; Lait Bio frais de nos vaches non homogénéisé<br />
&#8211; Sucre de canne équitable*<br />
&#8211; Cacao équitable*<br />
&#8211; Amidon de maïs natif*<br />
&#8211; Lait écrémé en poudre*<br />
&#8211; Epaississant : carraghénane (extrait d&rsquo;algues)<br />
*ingrédients issus de l&rsquo;Agriculture Biologique</p>
<p><strong>Origine </strong>: fabriqué sur la ferme 100% bio avec le lait de la ferme</p>
<p><img decoding="async" class="alignnone size-full wp-image-9560" src="https://lafermeallantvert.fr/wp-content/uploads/2022/02/Sans-titre-26.png" alt="" width="226" height="140" /></p>

<p>Yaourt Bio et Fermier nature de la ferme Batisse à Vitrac dans le 63.</p>
<pre>Dernier délai Commande avant le jeudi midi</pre>
<p>Pour plus d&rsquo;informations sur leurs produits, rendez-vous sur le site web <a href="https://www.fermebatisse.fr/"><strong>https://www.fermebatisse.fr/</strong></a></p>
