{"id":9616,"date":"2022-02-12T21:29:28","date_gmt":"2022-02-12T20:29:28","guid":{"rendered":"https:\/\/lafermeallantvert.fr\/?post_type=product&#038;p=9616"},"modified":"2024-02-15T12:43:57","modified_gmt":"2024-02-15T11:43:57","slug":"yaourt-bio-nature-4x125g-2","status":"publish","type":"product","link":"https:\/\/lafermeallantvert.fr\/?product=yaourt-bio-nature-4x125g-2","title":{"rendered":"Yaourt bio nature 4X125G"},"content":{"rendered":"<p><strong>Nos ingr\u00e9dients :<\/strong><br \/>\n&#8211;\u00a0\u00a0<strong>Lait<\/strong>\u00a0frais* de nos vaches\u00a0<a href=\"https:\/\/www.invitationalaferme.fr\/incollables\/du-lait-non-homogeneise-sinon-rien--1469723367246.htm\" target=\"_blank\" rel=\"noopener\">non homog\u00e9n\u00e9is\u00e9<\/a>, lait \u00e9cr\u00e9m\u00e9 en poudre*<br \/>\n&#8211;\u00a0Ferments lactiques (lactobacillus bulgaricus et streptococcus thermophilus)<br \/>\n<em>*ingr\u00e9dients issus de l&rsquo;Agriculture Biologique<\/em><br \/>\n<strong>Origine :\u00a0<\/strong>\u00a0Ferme indiqu\u00e9e sur le pack<br \/>\n<img decoding=\"async\" class=\"alignnone size-full wp-image-9538\" src=\"https:\/\/lafermeallantvert.fr\/wp-content\/uploads\/2022\/02\/Sans-titre-17.png\" alt=\"\" width=\"226\" height=\"140\" \/><\/p>\n","protected":false},"excerpt":{"rendered":"<p>Yaourt Bio et Fermier nature de la ferme Batisse \u00e0 Vitrac dans le 63.<\/p>\n<pre>Dernier d\u00e9lai Commande avant le jeudi midi<\/pre>\n<p>Pour plus d&rsquo;informations sur leurs produits, rendez-vous sur le site web <a href=\"https:\/\/www.fermebatisse.fr\/\"><strong>https:\/\/www.fermebatisse.fr\/<\/strong><\/a><\/p>\n","protected":false},"featured_media":9597,"comment_status":"open","ping_status":"closed","template":"","meta":{"_exactmetrics_skip_tracking":false,"_exactmetrics_sitenote_active":false,"_exactmetrics_sitenote_note":"","_exactmetrics_sitenote_category":0},"product_cat":[98,99],"product_tag":[],"class_list":{"0":"post-9616","1":"product","2":"type-product","3":"status-publish","4":"has-post-thumbnail","6":"product_cat-produit-laitier","7":"product_cat-yaourt","9":"first","10":"instock","11":"taxable","12":"shipping-taxable","13":"purchasable","14":"product-type-simple"},"_links":{"self":[{"href":"https:\/\/lafermeallantvert.fr\/index.php?rest_route=\/wp\/v2\/product\/9616"}],"collection":[{"href":"https:\/\/lafermeallantvert.fr\/index.php?rest_route=\/wp\/v2\/product"}],"about":[{"href":"https:\/\/lafermeallantvert.fr\/index.php?rest_route=\/wp\/v2\/types\/product"}],"replies":[{"embeddable":true,"href":"https:\/\/lafermeallantvert.fr\/index.php?rest_route=%2Fwp%2Fv2%2Fcomments&post=9616"}],"version-history":[{"count":2,"href":"https:\/\/lafermeallantvert.fr\/index.php?rest_route=\/wp\/v2\/product\/9616\/revisions"}],"predecessor-version":[{"id":10232,"href":"https:\/\/lafermeallantvert.fr\/index.php?rest_route=\/wp\/v2\/product\/9616\/revisions\/10232"}],"wp:featuredmedia":[{"embeddable":true,"href":"https:\/\/lafermeallantvert.fr\/index.php?rest_route=\/wp\/v2\/media\/9597"}],"wp:attachment":[{"href":"https:\/\/lafermeallantvert.fr\/index.php?rest_route=%2Fwp%2Fv2%2Fmedia&parent=9616"}],"wp:term":[{"taxonomy":"product_cat","embeddable":true,"href":"https:\/\/lafermeallantvert.fr\/index.php?rest_route=%2Fwp%2Fv2%2Fproduct_cat&post=9616"},{"taxonomy":"product_tag","embeddable":true,"href":"https:\/\/lafermeallantvert.fr\/index.php?rest_route=%2Fwp%2Fv2%2Fproduct_tag&post=9616"}],"curies":[{"name":"wp","href":"https:\/\/api.w.org\/{rel}","templated":true}]}}

<p><strong>Nos ingrédients :</strong><br />
&#8211;  <strong>Lait</strong> frais* de nos vaches <a href="https://www.invitationalaferme.fr/incollables/du-lait-non-homogeneise-sinon-rien--1469723367246.htm" target="_blank" rel="noopener">non homogénéisé</a>, lait écrémé en poudre*<br />
&#8211; Ferments lactiques (lactobacillus bulgaricus et streptococcus thermophilus)<br />
<em>*ingrédients issus de l&rsquo;Agriculture Biologique</em><br />
<strong>Origine : </strong> Ferme indiquée sur le pack<br />
<img decoding="async" class="alignnone size-full wp-image-9538" src="https://lafermeallantvert.fr/wp-content/uploads/2022/02/Sans-titre-17.png" alt="" width="226" height="140" /></p>

<p>Yaourt Bio et Fermier nature de la ferme Batisse à Vitrac dans le 63.</p>
<pre>Dernier délai Commande avant le jeudi midi</pre>
<p>Pour plus d&rsquo;informations sur leurs produits, rendez-vous sur le site web <a href="https://www.fermebatisse.fr/"><strong>https://www.fermebatisse.fr/</strong></a></p>
